 base 12?
4487b
What is 6a41 (base 14) in base 13?
8548
What is 1530541 (base 6) in base 8?
257035
Convert -61b0a (base 12) to base 9.
-214201
What is 91b979 (base 12) in base 14?
4351b7
What is -41252 (base 6) in base 12?
-3228
3146 (base 16) to base 10
12614
Convert 105233423 (base 6) to base 7.
22300662
Convert -223314324 (base 6) to base 16.
-3e53cc
Convert 26560144 (base 8) to base 2.
10110101110000001100100
Convert 17a890 (base 11) to base 3.
112010020011
102303310103 (base 4) to base 13
1038470
-1020212011101 (base 3) to base 13
-1a4445
222333331 (base 4) to base 12
85b11
What is -969071 (base 12) in base 11?
-138586a
-624506 (base 9) to base 5
-43330433
What is 18bd5 (base 15) in base 3?
11002011002
-15baa38 (base 12) to base 3
-22102110021222
What is c1d7 (base 16) in base 13?
19782
Convert 541514 (base 6) to base 15.
d29a
What is -35042005 (base 6) in base 16?
-1075b5
-12301322 (base 5) to base 14
-314d4
-1381408 (base 9) to base 14
-15ba65
Convert -251116 (base 13) to base 10.
-887776
Convert -200120220011 (base 3) to base 9.
-616804
-223233202101 (base 4) to base 12
-3a0bb29
Convert -32931 (base 11) to base 8.
-135134
622524 (base 8) to base 3
101110210201
Convert -4aaa4 (base 14) to base 4.
-230232220
1e1be7 (base 16) to base 9
3636670
-11110000010101110010 (base 2) to base 13
-286109
-9464 (base 16) to base 12
-19b98
Convert -12222341311 (base 5) to base 13.
-3060553
-12703637 (base 8) to base 16
-2b879f
What is -53ebd (base 15) in base 6?
-5414054
2a62e4 (base 16) to base 5
1202342303
What is -103112433 (base 5) in base 6?
-13244310
487654 (base 15) to base 10
3467554
Convert -1011110110001111100010 (base 2) to base 13.
-84983a
632043 (base 8) to base 6
4300003
What is 35a139 (base 11) in base 10?
569831
What is 1353230 (base 7) in base 8?
541747
-241307 (base 11) to base 4
-1131112133
Convert 15250002 (base 6) to base 3.
1000012020002
102436421 (base 7) to base 8
27134577
-393336 (base 10) to base 7
-3225516
Convert 825321 (base 9) to base 13.
1419ca
211121102121201 (base 3) to base 8
55652774
What is 101100010111001101 (base 2) in base 12?
891a5
What is -508744 (base 12) in base 10?
-1259044
2088307 (base 13) to base 2
100101110001000010100100
What is 52d49 (base 14) in base 8?
606765
What is -3b29 (base 16) in base 3?
-202202221
469530 (base 16) to base 5
2141010322
What is -1011010001001 (base 3) in base 13?
-18597a
Convert 211340014 (base 5) to base 8.
3304144
What is -22026115 (base 7) in base 12?
-771421
Convert -2392802 (base 11) to base 15.
-573151
What is 535241 (base 6) in base 2?
1010101110101001
What is -385793 (base 14) in base 4?
-13120222111
Convert bf7cd6 (base 16) to base 9.
25546404
1110011101100100110001 (base 2) to base 5
1432304103
What is df5a (base 16) in base 3?
2220102201
-51524 (base 11) to base 6
-1335555
What is 583335 (base 13) in base 4?
13332300333
Convert -210102020112 (base 3) to base 10.
-421538
Convert 135d1 (base 15) to base 13.
22339
Convert -1112210020210 (base 3) to base 12.
-337b93
123416 (base 12) to base 8
1102222
4144101041 (base 5) to base 9
17128414
97a055 (base 11) to base 4
11332022010
-101121110200021 (base 3) to base 13
-122564b
230401 (base 5) to base 12
4916
Convert -54123 (base 10) to base 8.
-151553
109505 (base 10) to base 5
12001010
Convert 10110001111100000 (base 2) to base 5.
10403404
What is 190957 (base 12) in base 8?
1525123
7326538 (base 9) to base 12
1389882
Convert -17417e (base 16) to base 13.
-414940
What is 22b4b9a (base 14) in base 5?
13220224224
-33b16 (base 16) to base 15
-42b09
What is b75a4 (base 15) in base 11?
368110
474b1 (base 12) to base 15
1d584
What is -686577 (base 9) in base 11?
-2612a0
Convert -10100122111111 (base 3) to base 14.
-34632b
What is -300022030 (base 4) in base 6?
-4121124
What is 20222120020211 (base 3) in base 14?
6c884b
Convert 19a436 (base 13) to base 7.
5351025
What is 232168 (base 10) in base 16?
38ae8
Convert 4310304 (base 6) to base 7.
1540132
db23b (base 15) to base 2
10101001110111001100
Convert -2200010210110 (base 3) to base 16.
-15aaa6
Convert -109114a (base 11) to base 6.
-104454404
What is 200240432 (base 5) in base 12?
3212b1
What is -135514354 (base 6) in base 11?
-16390a7
What is -10011011101010111 (base 2) in base 6?
-1412555
Convert -21062106 (base 7) to base 15.
-25258c
Convert -104d6c (base 16) to base 6.
-34522140
Convert -2000010314 (base 5) to base 3.
-21100111100012
-103552111 (base 6) to base 7
-21566353
Convert 2005214 (base 7) to base 5.
30041442
-6211c (base 14) to base 4
-321222232
-111222222111 (base 3) to base 8
-1032134
2504162 (base 8) to base 7
5603336
-9c1ba (base 14) to base 6
-12042440
Convert -10111111011100 (base 2) to base 9.
-17723
What is -561229 (base 11) in base 7?
-10414320
-1155423 (base 6) to base 8
-171307
3537950 (base 10) to base 11
1aa7129
What is -332252a (base 11) in base 14?
-abab05
Convert 111001011100101110000 (base 2) to base 6.
104203104
Convert -4041424 (base 5) to base 14.
-19abd
Convert 10111110011101111 (base 2) to base 15.
1dd64
What is 16583 (base 11) in base 13?
a801
Convert -3058433 (base 10) to base 16.
-2eab01
Convert -4343440340 (base 5) to base 3.
-122121110220220
What is 598917 (base 11) in base 7?
11031056
Convert 271878b (base 13) to base 7.
206356235
-30310112 (base 6) to base 5
-210130401
What is 33044201 (base 7) in base 10?
2834651
Convert 32003321233 (base 4) to base 3.
20221021020111
What is -45a3 (base 15) in base 2?
-11100110111010
-313203001 (base 4) to base 9
-376081
5767822 (base 9) to base 13
851201
1361a56 (base 12) to base 9
7233083
-1320431021 (base 5) to base 16
-324a11
What is -21340101 (base 5) in base 11?
-11608a
Convert -694d35 (base 14) to base 7.
-42324365
What is -99c8 (base 13) in base 6?
-243202
-3088969 (base 13) to base 6
-1243401351
What is -4246 (base 11) in base 3?
-21201000
-2555251 (base 6) to base 16
-2224f
Convert -32284 (base 11) to base 14.
-13155
What is -1344823 (base 9) in base 16?
-b4471
Convert -234148 (base 9) to base 16.
-22616
7251c (base 13) to base 7
1513140
-953919 (base 10) to base 14
-1ab8d1
Convert 2102412220 (base 5) to base 6.
233015452
What is 41132 (base 10) in base 11?
289a3
Convert -1dcb6 (base 14) to base 6.
-1350344
19711b1 (base 13) to base 3
120202021200201
-2690539 (base 11) to base 6
-243254004
What is -341014034 (base 6) in base 3?
-102200100222211
What is -10303 (base 14) in base 5?
-2222012
Convert 3332402 (base 7) to base 8.
1443477
What is -1003231102 (base 4) in base 15?
-5728a
134102443 (base 5) to base 7
5605400
Convert -304340334 (base 5) to base 13.
-3483a8
Convert 3561603 (base 9) to base 6.
105211520
What is -6290c (base 15) in base 2?
-1001100010011011001
Convert -320124510 (base 6) to base 11.
-3191a86
Convert -17207542 (base 8) to base 7.
-46004400
-316878 (base 10) to base 11
-1a7091
-ae3ad (base 16) to base 14
-148109
20306072 (base 9) to base 4
211023301010
What is -15a350 (base 11) in base 14?
-66532
Convert -17338 (base 14) to base 11.
-3a856
Convert 2042121 (base 6) to base 15.
1e4d7
What is 130020551 (base 6) in base 3?
11202010211211
-57100 (base 13) to base 10
-158353
-18889 (base 14) to base 3
-10011010102
Convert -3432243 (base 6) to base 15.
-36ee6
What is -6c2012 (base 13) in base 10?
-2574899
Convert 74c34 (base 14) to base 8.
1047256
-5036638 (base 10) to base 5
-2242133023
-25522531 (base 8) to base 7
-66160114
What is 6818d (base 16) in base 13?
11c0c7
-12100121201 (base 3) to base 15
-21387
Convert 4154141 (base 6) to base 3.
101020211021
Convert -12aa1a (base 12) to base 6.
-10342434
d607 (base 16) to base 15
1137b
1111011000100010000001 (base 2) to base 16
3d8881
What is -221313003 (base 4) in base 11?
-107902
Convert 71313 (base 14) to base 10.
272261
Convert 814701 (base 9) to base 11.
2aa50a
-172460 (base 10) to base 7
-1315541
Convert -880248 (base 9) to base 4.
-2000030132
What is 101011011011000111 (base 2) in base 9?
300875
What is 515344 (base 6) in base 16?
a1b0
What is -37382d (base 14) in base 13?
-51337a
Convert 53868 (base 11) to base 4.
103012200
11034041 (base 6) to base 5
41100434
What is 1760320 (base 9) in base 2?
11110000010101011011
e1b33 (base 15) to base 8
2563630
What is -24034443 (base 7) in base 10?
-2126484
18f5 (base 16) to base 9
8678
